undreds digit of 2571?
5
What is the hundreds digit of 3513?
5
What is the units digit of 6407?
7
What is the tens digit of 4456?
5
What is the ten thousands digit of 31471?
3
What is the ten thousands digit of 60082?
6
What is the hundreds digit of 5669?
6
What is the hundreds digit of 91198?
1
What is the hundreds digit of 8036?
0
What is the ten thousands digit of 78130?
7
What is the thousands digit of 3962?
3
What is the units digit of 1225?
5
What is the units digit of 449?
9
What is the hundreds digit of 1618?
6
What is the thousands digit of 25258?
5
What is the tens digit of 75191?
9
What is the hundreds digit of 50292?
2
What is the hundreds digit of 14560?
5
What is the ten thousands digit of 39075?
3
What is the ten thousands digit of 29727?
2
What is the ten thousands digit of 27726?
2
What is the tens digit of 1887?
8
What is the units digit of 161?
1
What is the hundreds digit of 4591?
5
What is the hundreds digit of 6383?
3
What is the thousands digit of 90238?
0
What is the units digit of 805?
5
What is the units digit of 13630?
0
What is the tens digit of 505?
0
What is the thousands digit of 75507?
5
What is the tens digit of 288?
8
What is the ten thousands digit of 32401?
3
What is the units digit of 109623?
3
What is the hundreds digit of 38965?
9
What is the tens digit of 64350?
5
What is the units digit of 52880?
0
What is the units digit of 7992?
2
What is the units digit of 3623?
3
What is the units digit of 129119?
9
What is the thousands digit of 2469?
2
What is the hundreds digit of 8818?
8
What is the thousands digit of 3239?
3
What is the ten thousands digit of 12565?
1
What is the tens digit of 36?
3
What is the tens digit of 671?
7
What is the hundreds digit of 23471?
4
What is the hundreds digit of 7029?
0
What is the ten thousands digit of 12176?
1
What is the units digit of 5558?
8
What is the units digit of 11407?
7
What is the ten thousands digit of 152144?
5
What is the units digit of 24685?
5
What is the thousands digit of 1250?
1
What is the units digit of 389?
9
What is the ten thousands digit of 20145?
2
What is the thousands digit of 4130?
4
What is the hundreds digit of 1304?
3
What is the hundreds digit of 49747?
7
What is the units digit of 12478?
8
What is the tens digit of 1747?
4
What is the hundreds digit of 3893?
8
What is the units digit of 1814?
4
What is the tens digit of 68486?
8
What is the units digit of 227?
7
What is the thousands digit of 29710?
9
What is the thousands digit of 6586?
6
What is the units digit of 3722?
2
What is the thousands digit of 38555?
8
What is the thousands digit of 4855?
4
What is the units digit of 186?
6
What is the hundreds digit of 67293?
2
What is the units digit of 3115?
5
What is the hundreds digit of 6223?
2
What is the hundreds digit of 294?
2
What is the hundreds digit of 20475?
4
What is the tens digit of 1340?
4
What is the thousands digit of 41516?
1
What is the thousands digit of 4945?
4
What is the units digit of 11219?
9
What is the hundreds digit of 1219?
2
What is the units digit of 20779?
9
What is the thousands digit of 59523?
9
What is the ten thousands digit of 46171?
4
What is the units digit of 1423?
3
What is the units digit of 388?
8
What is the units digit of 6403?
3
What is the tens digit of 10419?
1
What is the tens digit of 136?
3
What is the units digit of 16959?
9
What is the tens digit of 58476?
7
What is the hundreds digit of 832?
8
What is the units digit of 1955?
5
What is the units digit of 3690?
0
What is the units digit of 650?
0
What is the thousands digit of 25964?
5
What is the thousands digit of 3663?
3
What is the units digit of 6035?
5
What is the thousands digit of 52061?
2
What is the tens digit of 5328?
2
What is the units digit of 738?
8
What is the tens digit of 5473?
7
What is the hundreds digit of 600?
6
What is the thousands digit of 140671?
0
What is the tens digit of 142818?
1
What is the units digit of 6421?
1
What is the hundreds digit of 587?
5
What is the tens digit of 5880?
8
What is the hundreds digit of 5626?
6
What is the hundreds digit of 1687?
6
What is the units digit of 9270?
0
What is the units digit of 36852?
2
What is the tens digit of 1636?
3
What is the tens digit of 23865?
6
What is the ten thousands digit of 26507?
2
What is the units digit of 20481?
1
What is the units digit of 2745?
5
What is the units digit of 2247?
7
What is the ten thousands digit of 81105?
8
What is the thousands digit of 1192?
1
What is the ten thousands digit of 19003?
1
What is the tens digit of 1035?
3
What is the units digit of 3707?
7
What is the tens digit of 463?
6
What is the hundreds digit of 175?
1
What is the hundreds digit of 7057?
0
What is the tens digit of 93872?
7
What is the ten thousands digit of 47391?
4
What is the tens digit of 48705?
0
What is the units digit of 15337?
7
What is the units digit of 1071?
1
What is the hundreds digit of 393?
3
What is the tens digit of 122623?
2
What is the hundreds digit of 3881?
8
What is the thousands digit of 9040?
9
What is the hundreds digit of 844?
8
What is the ten thousands digit of 70643?
7
What is the tens digit of 19964?
6
What is the tens digit of 2956?
5
What is the hundreds digit of 283?
2
What is the ten thousands digit of 20260?
2
What is the tens digit of 64?
6
What is the ten thousands digit of 95453?
9
What is the units digit of 723?
3
What is the hundreds digit of 17986?
9
What is the units digit of 254?
4
What is the units digit of 5958?
8
What is the thousands digit of 3171?
3
What is the units digit of 1?
1
What is the units digit of 23315?
5
What is the ten thousands digit of 16748?
1
What is the hundreds digit of 5565?
5
What is the thousands digit of 18140?
8
What is the hundreds digit of 121187?
1
What is the thousands digit of 7286?
7
What is the hundreds digit of 295?
2
What is the units digit of 470?
0
What is the thousands digit of 3964?
3
What is the units digit of 930?
0
What is the thousands digit of 3434?
3
What is the hundreds digit of 14099?
0
What is the tens digit of 10972?
7
What is the thousands digit of 5539?
5
What is the units digit of 9461?
1
What is the thousands digit of 15331?
5
What is the ten thousands digit of 13662?
1
What is the units digit of 61778?
8
What is the units digit of 1182?
2
What is the hundreds digit of 1110?
1
What is the tens digit of 16792?
9
What is the units digit of 2011?
1
What is the thousands digit of 13326?
3
What is the hundreds digit of 1058?
0
What is the tens digit of 74936?
3
What is the ten thousands digit of 60451?
6
What is the hundreds digit of 11631?
6
What is the thousands digit of 74895?
4
What is the tens digit of 4715?
1
What is the thousands digit of 7669?
7
What is the hundreds digit of 351?
3
What is the units digit of 40982?
2
What is the thousands digit of 6957?
6
What is the thousands digit of 13740?
3
What is the tens digit of 2188?
8
What is the units digit of 1029?
9
What is the units digit of 641?
1
What is the hundreds digit of 937?
9
What is the hundreds digit of 45853?
8
What is the hundred thousands digit of 125781?
1
What is the tens digit of 9732?
3
What is the units digit of 1916?
6
What is the hundreds digit of 451?
4
What is the units digit of 89832?
2
What is the thousands digit of 3680?
3
What is the hundreds digit of 57186?
1
What is the hundreds digit of 5380?
3
What is the hundreds digit of 2220?
2
What is the tens digit of 1122?
2
What is the units digit of 2390?
0
What is the tens digit of 2901?
0
What is the thousands digit of 2264?
2
What is the tens digit of 9567?
6
What is the units digit of 33006?
6
What is the tens digit of 1650?
5
What is the units digit of 13246?
6
What is the units digit of 11091?
1
What is the tens digit of 334?
3
What is the hundreds digit of 1138?
1
What is the hundreds digit of 15692?
6
What is the hundreds digit of 1577?
5
What is the hundreds digit of 556?
5
What is the thousands digit of 2685?
2
What is the thousands digit of 1757?
1
What is the thousands digit of 5641?
5
What is the units digit of 832?
2
What is the tens digit of 46964?
6
What is the thousands digit of 8537?
8
What is the hundreds digit of 63004?
0
What is the units digit of 51773?
3
What is the hundreds digit of 611?
6
What is the ten thou